


{"id":2,"date":"2018-03-30T17:13:33","date_gmt":"2018-03-30T15:13:33","guid":{"rendered":"http:\/\/127.0.0.1\/wordpress\/?page_id=2"},"modified":"2022-03-10T07:24:06","modified_gmt":"2022-03-10T06:24:06","slug":"beispiel-seite","status":"publish","type":"page","link":"https:\/\/katzjaeger.at\/webshop\/beispiel-seite\/","title":{"rendered":"AGB&#8217;s"},"content":{"rendered":"<p>ALLGEMEINE GESCH\u00c4FTSBEDINGUNGEN<\/p>\n<p><strong>1) Allgemeines\u00a0<\/strong><\/p>\n<p>(1)Diese Allgemeinen Gesch\u00e4ftsbedingungen gelten f\u00fcr alle Bestellungen, die Sie<br \/>\nbei dem Online-Shop der<\/p>\n<p>B\u00e4ckerei Katzj\u00e4ger<br \/>\nEibiswald 28<br \/>\n8552 Eibiswald<\/p>\n<p>t\u00e4tigen.<\/p>\n<p>(2) Das Warenangebot in unserem Online-Shop richtet sich ausschlie\u00dflich an<br \/>\nK\u00e4ufer, die das 18. Lebensjahr vollendet haben.<\/p>\n<p>(3) Unsere Lieferungen, Leistungen und Angebote erfolgen ausschlie\u00dflich auf der<br \/>\nGrundlage dieser Allgemeinen Gesch\u00e4ftsbedingungen. Die Allgemeinen<br \/>\nGesch\u00e4ftsbedingungen gelten gegen\u00fcber Konsumenten somit auch f\u00fcr alle<br \/>\nk\u00fcnftigen Gesch\u00e4ftsbeziehungen, auch wenn sie nicht nochmals ausdr\u00fccklich<br \/>\nvereinbart werden. Der Einbeziehung von Allgemeinen Gesch\u00e4ftsbedingungen<br \/>\neines Kunden, die unseren Allgemeinen Gesch\u00e4ftsbedingungen<br \/>\nwidersprechen, wird schon jetzt widersprochen.<\/p>\n<p>(4) Vertragssprache ist ausschlie\u00dflich deutsch.<\/p>\n<p>(5) Sie k\u00f6nnen die derzeit g\u00fcltigen Allgemeinen Gesch\u00e4ftsbedingungen auf der<br \/>\nWebsite [Link angeben]<br \/>\nabrufen und ausdrucken.<\/p>\n<p><strong>2) Vertragsschluss<\/strong><\/p>\n<p>(1) Die Warenpr\u00e4sentation im Online-Shop stellt keinen verbindlichen Antrag auf<br \/>\nden Abschluss eines Kaufvertrages dar. Vielmehr handelt es sich um eine<br \/>\nunverbindliche Aufforderung, im Online-Shop Waren zu bestellen.<br \/>\n(2) Mit Anklicken des Buttons \u201e<u>Bestellung abschicken\u201c<\/u> geben Sie ein verbindliches Kaufangebot ab (\u00a7 145 BGB).<br \/>\n(3) Nach Eingang des Kaufangebots erhalten Sie eine automatisch erzeugte EMail,<br \/>\nmit der wir best\u00e4tigen, dass wir Ihre Bestellung erhalten haben<br \/>\n(Eingangsbest\u00e4tigung). Diese Eingangsbest\u00e4tigung stellt die Annahme<br \/>\nIhres Kaufangebots dar. Dadurch kommt ein Vertrag zustande.<\/p>\n<p>(5) Bestellungen sind nur in haushalts\u00fcblichen Mengen m\u00f6glich.<\/p>\n<p><strong>3) Preise<\/strong><\/p>\n<p>Die auf den Produktseiten genannten Preise enthalten die gesetzliche<br \/>\nMehrwertsteuer und sonstige Preisbestandteile und verstehen sich zzgl. der<br \/>\njeweiligen Zustellkosten und soweit angegeben zzgl. Pfand.<\/p>\n<p><strong>4) Zahlungsbedingungen<\/strong><\/p>\n<ul>\n<li>Die Zahlung erfolgt ausschlie\u00dflich per: <u>Kreditkarte<\/u><\/li>\n<li>Die tats\u00e4chliche Belastung Ihres Kreditkartenkontos erfolgt zum Zeitpunkt der Bestellung.<\/li>\n<li>Eine Beanstandung der Lieferung bzw. der Ware ist nur vor Ort (Weinlandb\u00e4ckerei B\u00e4ckerei Katzj\u00e4ger Eibiswald 84) m\u00f6glich.<\/li>\n<\/ul>\n<p><strong>6) Lieferung<\/strong><\/p>\n<ul>\n<li>Die Zustellung erfolgt ausnahmslos zur Rezeption des Campingplatzes \u00d6lspur-Camping.<\/li>\n<li>Die Lieferung der bestellten Waren erfolgt vorbehaltlich der Verf\u00fcgbarkeit der<br \/>\nSollte ein Produkt nicht Vorr\u00e4tig sein, sind wir berechtig, ein \u00e4hnliches der Qualit\u00e4t und dem Preis entsprechendes Ersatzprodukt zu liefern.<\/li>\n<\/ul>\n<p><strong>7) Eigentumsvorbehalt<\/strong><\/p>\n<p>(1) Die Ware bleibt bis zur vollst\u00e4ndigen Zahlung des Kaufpreises unser<br \/>\nEigentum.<\/p>\n<p><strong>8) Widerrufsbelehrung<\/strong><\/p>\n<p><strong>11) Haftung<\/strong><\/p>\n<p>(1) Unbeschr\u00e4nkte Haftung: Wir haften unbeschr\u00e4nkt f\u00fcr Vorsatz und grobe<br \/>\nFahrl\u00e4ssigkeit sowie nach Ma\u00dfgabe des Produkthaftungsgesetzes. F\u00fcr leichte<br \/>\nFahrl\u00e4ssigkeit haften wir bei Sch\u00e4den aus der Verletzung des Lebens, des<br \/>\nK\u00f6rpers und der Gesundheit von Personen.<br \/>\n(2) Im \u00dcbrigen gilt folgende beschr\u00e4nkte Haftung: Bei leichter Fahrl\u00e4ssigkeit<br \/>\nhaften wir nur im Falle der Verletzung einer wesentlichen Vertragspflicht,<br \/>\nderen Erf\u00fcllung die ordnungsgem\u00e4\u00dfe Durchf\u00fchrung des Vertrags \u00fcberhaupt<br \/>\nerst erm\u00f6glicht und auf deren Einhaltung Sie regelm\u00e4\u00dfig vertrauen d\u00fcrfen<br \/>\n(Kardinalpflicht). Die Haftung f\u00fcr leichte Fahrl\u00e4ssigkeit ist der H\u00f6he nach<br \/>\nbeschr\u00e4nkt auf die bei Vertragsschluss vorhersehbaren Sch\u00e4den, mit deren<br \/>\nEntstehung typischerweise gerechnet werden muss. Diese<br \/>\nHaftungsbeschr\u00e4nkung gilt auch zugunsten unserer Erf\u00fcllungsgehilfen.<\/p>\n<p><strong>12) Alternative Streitbeilegung<\/strong><br \/>\nDie EU-Kommission hat eine Plattform f\u00fcr au\u00dfergerichtliche Streitschlichtung<br \/>\nbereitgestellt. Verbrauchern gibt dies die M\u00f6glichkeit, Streitigkeiten im<br \/>\nZusammenhang mit Ihrer Online-Bestellung zun\u00e4chst ohne die Einschaltung eines<br \/>\nGerichts zu kl\u00e4ren. Die Streitbeilegungs-Plattform ist unter dem externen Link<br \/>\nhttp:\/\/ec.europa.eu\/consumers\/odr\/erreichbar.<br \/>\nWir sind bem\u00fcht, eventuelle Meinungsverschiedenheiten aus unserem Vertrag<br \/>\neinvernehmlich beizulegen. Dar\u00fcber hinaus sind wir zu einer Teilnahme an einem<br \/>\nSchlichtungsverfahren nicht verpflichtet und k\u00f6nnen Ihnen die Teilnahme an einem<br \/>\nsolchen Verfahren leider auch nicht anbieten.<\/p>\n<p><strong>13) Schlussbestimmungen<\/strong><br \/>\n(1) Sollten eine oder mehrere Bestimmungen dieser AGB unwirksam sein oder<br \/>\nwerden, wird dadurch die Wirksamkeit der anderen Bestimmungen im \u00dcbrigen<br \/>\nnicht ber\u00fchrt.<\/p>\n<p>Stand: Mai 2018<\/p>\n","protected":false},"excerpt":{"rendered":"<p>ALLGEMEINE GESCH\u00c4FTSBEDINGUNGEN 1) Allgemeines\u00a0 (1)Diese Allgemeinen Gesch\u00e4ftsbedingungen gelten f\u00fcr alle Bestellungen, die Sie bei dem Online-Shop der B\u00e4ckerei Katzj\u00e4ger Eibiswald 28 8552 Eibiswald t\u00e4tigen. (2) Das Warenangebot in unserem Online-Shop richtet sich ausschlie\u00dflich an K\u00e4ufer, die das 18. Lebensjahr vollendet haben. (3) Unsere Lieferungen, Leistungen und Angebote erfolgen ausschlie\u00dflich auf der Grundlage dieser Allgemeinen Gesch\u00e4ftsbedingungen&#8230;.<\/p>\n","protected":false},"author":1,"featured_media":0,"parent":0,"menu_order":0,"comment_status":"closed","ping_status":"closed","template":"","meta":{"footnotes":""},"class_list":["post-2","page","type-page","status-publish","hentry"],"_links":{"self":[{"href":"https:\/\/katzjaeger.at\/webshop\/wp-json\/wp\/v2\/pages\/2","targetHints":{"allow":["GET"]}}],"collection":[{"href":"https:\/\/katzjaeger.at\/webshop\/wp-json\/wp\/v2\/pages"}],"about":[{"href":"https:\/\/katzjaeger.at\/webshop\/wp-json\/wp\/v2\/types\/page"}],"author":[{"embeddable":true,"href":"https:\/\/katzjaeger.at\/webshop\/wp-json\/wp\/v2\/users\/1"}],"replies":[{"embeddable":true,"href":"https:\/\/katzjaeger.at\/webshop\/wp-json\/wp\/v2\/comments?post=2"}],"version-history":[{"count":0,"href":"https:\/\/katzjaeger.at\/webshop\/wp-json\/wp\/v2\/pages\/2\/revisions"}],"wp:attachment":[{"href":"https:\/\/katzjaeger.at\/webshop\/wp-json\/wp\/v2\/media?parent=2"}],"curies":[{"name":"wp","href":"https:\/\/api.w.org\/{rel}","templated":true}]}}